317 is divided by 469.
34
Calculate the remainder when 805 is divided by 90.
85
What is the remainder when 95 is divided by 11?
7
What is the remainder when 934 is divided by 84?
10
What is the remainder when 251 is divided by 17?
13
What is the remainder when 235 is divided by 223?
12
What is the remainder when 5156 is divided by 86?
82
What is the remainder when 1376 is divided by 97?
18
Calculate the remainder when 187 is divided by 16.
11
What is the remainder when 114 is divided by 113?
1
What is the remainder when 330 is divided by 24?
18
What is the remainder when 703 is divided by 237?
229
What is the remainder when 109 is divided by 96?
13
Calculate the remainder when 780 is divided by 77.
10
What is the remainder when 546 is divided by 114?
90
What is the remainder when 423 is divided by 91?
59
Calculate the remainder when 124 is divided by 16.
12
What is the remainder when 186 is divided by 54?
24
What is the remainder when 182 is divided by 57?
11
Calculate the remainder when 886 is divided by 175.
11
Calculate the remainder when 70 is divided by 60.
10
Calculate the remainder when 1021 is divided by 93.
91
Calculate the remainder when 643 is divided by 301.
41
Calculate the remainder when 139 is divided by 71.
68
What is the remainder when 110 is divided by 39?
32
What is the remainder when 752 is divided by 18?
14
What is the remainder when 162 is divided by 17?
9
What is the remainder when 727 is divided by 26?
25
Calculate the remainder when 2598 is divided by 84.
78
What is the remainder when 414 is divided by 394?
20
What is the remainder when 2601 is divided by 42?
39
Calculate the remainder when 172 is divided by 87.
85
What is the remainder when 667 is divided by 48?
43
What is the remainder when 324 is divided by 68?
52
Calculate the remainder when 1168 is divided by 1147.
21
What is the remainder when 83 is divided by 7?
6
Calculate the remainder when 564 is divided by 10.
4
Calculate the remainder when 1497 is divided by 75.
72
Calculate the remainder when 219 is divided by 61.
36
What is the remainder when 933 is divided by 24?
21
What is the remainder when 132 is divided by 56?
20
What is the remainder when 377 is divided by 4?
1
Calculate the remainder when 81 is divided by 55.
26
What is the remainder when 1024 is divided by 1023?
1
What is the remainder when 2344 is divided by 147?
139
Calculate the remainder when 53 is divided by 28.
25
What is the remainder when 970 is divided by 291?
97
Calculate the remainder when 685 is divided by 115.
110
What is the remainder when 84 is divided by 37?
10
Calculate the remainder when 74 is divided by 18.
2
Calculate the remainder when 2960 is divided by 63.
62
What is the remainder when 186 is divided by 16?
10
Calculate the remainder when 518 is divided by 36.
14
What is the remainder when 2106 is divided by 522?
18
Calculate the remainder when 83 is divided by 77.
6
Calculate the remainder when 145 is divided by 48.
1
What is the remainder when 18 is divided by 6?
0
Calculate the remainder when 31 is divided by 18.
13
What is the remainder when 319 is divided by 22?
11
What is the remainder when 2322 is divided by 179?
174
What is the remainder when 308 is divided by 254?
54
What is the remainder when 231 is divided by 56?
7
Calculate the remainder when 23 is divided by 4.
3
Calculate the remainder when 1053 is divided by 24.
21
Calculate the remainder when 367 is divided by 162.
43
Calculate the remainder when 423 is divided by 99.
27
What is the remainder when 1205 is divided by 24?
5
Calculate the remainder when 229 is divided by 23.
22
Calculate the remainder when 663 is divided by 83.
82
What is the remainder when 1124 is divided by 125?
124
Calculate the remainder when 5182 is divided by 162.
160
What is the remainder when 36 is divided by 16?
4
Calculate the remainder when 759 is divided by 53.
17
Calculate the remainder when 15822 is divided by 43.
41
What is the remainder when 10 is divided by 5?
0
What is the remainder when 6820 is divided by 21?
16
Calculate the remainder when 367 is divided by 87.
19
Calculate the remainder when 422 is divided by 17.
14
Calculate the remainder when 3545 is divided by 39.
35
Calculate the remainder when 698 is divided by 64.
58
What is the remainder when 714 is divided by 73?
57
Calculate the remainder when 450 is divided by 214.
22
Calculate the remainder when 641 is divided by 24.
17
What is the remainder when 1147 is divided by 24?
19
Calculate the remainder when 532 is divided by 139.
115
What is the remainder when 90 is divided by 8?
2
What is the remainder when 3442 is divided by 9?
4
Calculate the remainder when 91 is divided by 19.
15
Calculate the remainder when 251 is divided by 18.
17
What is the remainder when 1845 is divided by 74?
69
Calculate the remainder when 76 is divided by 53.
23
Calculate the remainder when 92 is divided by 7.
1
Calculate the remainder when 174 is divided by 35.
34
Calculate the remainder when 239 is divided by 29.
7
Calculate the remainder when 11372 is divided by 13.
10
What is the remainder when 289 is divided by 69?
13
What is the remainder when 1212 is divided by 140?
92
Calculate the remainder when 419 is divided by 70.
69
Calculate the remainder when 899 is divided by 146.
23
Calculate the remainder when 331 is divided by 37.
35
Calculate the remainder when 1834 is divided by 17.
15
What is the remainder when 70 is divided by 41?
29
What is the remainder when 309 is divided by 39?
36
What is the remainder when 53 is divided by 40?
13
What is the remainder when 43 is divided by 34?
9
What is the remainder when 3991 is divided by 85?
81
What is the remainder when 141 is divided by 29?
25
Calculate the remainder when 65702 is divided by 363.
362
What is the remainder when 283 is divided by 109?
65
Calculate the remainder when 434 is divided by 111.
101
What is the remainder when 171 is divided by 25?
21
Calculate the remainder when 718 is divided by 109.
64
What is the remainder when 147 is divided by 120?
27
Calculate the remainder when 477 is divided by 49.
36
Calculate the remainder when 1220 is divided by 51.
47
Calculate the remainder when 390 is divided by 14.
12
Calculate the remainder when 398 is divided by 57.
56
Calculate the remainder when 80 is divided by 57.
23
Calculate the remainder when 1224 is divided by 49.
48
What is the remainder when 5889 is divided by 19?
18
Calculate the remainder when 276 is divided by 104.
68
What is the remainder when 219 is divided by 10?
9
What is the remainder when 669 is divided by 14?
11
What is the remainder when 846 is divided by 116?
34
Calculate the remainder when 28 is divided by 3.
1
What is the remainder when 414 is divided by 47?
38
Calculate the remainder when 1037 is divided by 115.
2
What is the remainder when 202 is divided by 5?
2
Calculate the remainder when 836 is divided by 76.
0
What is the remainder when 517 is divided by 65?
62
Calculate the remainder when 32 is divided by 24.
8
What is the remainder when 9916 is divided by 87?
85
What is the remainder when 127 is divided by 49?
29
What is the remainder when 897 is divided by 246?
159
Calculate the remainder when 299 is divided by 12.
11
What is the remainder when 467 is divided by 72?
35
What is the remainder when 4552 is divided by 198?
196
Calculate the remainder when 401 is divided by 241.
160
What is the remainder when 922 is divided by 132?
130
What is the remainder when 62 is divided by 16?
14
Calculate the remainder when 6085 is divided by 32.
5
Calculate the remainder when 221 is divided by 38.
31
What is the remainder when 578 is divided by 211?
156
Calculate the remainder when 2988 is divided by 31.
12
Calculate the remainder when 2104 is divided by 29.
16
What is the remainder when 291 is divided by 263?
28
What is the remainder when 14547 is divided by 30?
27
Calculate the remainder when 245 is divided by 70.
35
Calculate the remainder when 202 is divided by 18.
4
Calculate the remainder when 458 is divided by 156.
146
What is the remainder when 99 is divided by 51?
48
What is the remainder when 5172 is divided by 13?
11
What is the remainder when 515 is divided by 87?
80
What is the remainder when 64 is divided by 21?
1
Calculate the remainder when 79 is